p = -28. Calculate the highest common divisor of a and 10.
2
Let u be 2/(-12) - (-39)/18. Let f = u + 12. What is the highest common factor of f and 21?
7
Let o be 18/3 + 0 + -2. Let d be 4/((1 - 0)/o). Calculate the greatest common divisor of d and 2.
2
Let h(z) = 4*z**2 - 3*z - 1. Let v be h(-4). What is the highest common divisor of 30 and v?
15
Suppose -4*z - 2*z + 24 = 0. What is the greatest common factor of z and 12?
4
Let d(t) = t**3 - t**2 + 1. Let a be d(0). Let m = -282 - -285. Calculate the greatest common divisor of a and m.
1
Let q = 6 - 3. Suppose 0 = q*x - 29 - 31. Calculate the greatest common factor of x and 8.
4
Suppose -3*h + 3 = -w, -3*w + 2*h = -0*h - 5. Suppose w*c - 2*c = 30. What is the highest common divisor of 6 and c?
6
Suppose -15*s = -10*s - 165. Calculate the highest common factor of 22 and s.
11
Let b(a) = -6*a**3 - 2*a**2 + 1. Let n be b(-1). Let v be 3*(-5)/(-30)*40. Calculate the greatest common factor of n and v.
5
Let x = -143 + 218. Suppose -4*t = -0*c + c + 35, 5*t = -20. Let q = x + c. What is the greatest common factor of 7 and q?
7
Let i = 4 + -2. Suppose 2 = 2*g - 0, -88 = -5*w + i*g. Calculate the greatest common divisor of 27 and w.
9
Let o be (-6)/(-9) + (-5034)/(-9). Let y be (o/(-42))/((-1)/3). What is the highest common divisor of 20 and y?
20
Let q be ((-8)/(-12))/((-4)/(-6)). Suppose -1 + 2 = k. What is the highest common factor of q and k?
1
Let u = -127 + 185. What is the greatest common divisor of u and 87?
29
Let z = 5 + -5. Let v = 10 + z. Let a(g) = 2*g**2 + 4*g - 8. Let y be a(-6). Calculate the highest common factor of y and v.
10
Let a be (-6)/(-10) - 276/(-15). Let h be 40 + ((-6)/(-3))/(-1). What is the highest common divisor of h and a?
19
Suppose 0 = 3*i + 3*t - 96, -4*i + 162 = i + 4*t. Calculate the highest common factor of i and 51.
17
Let n be (-1 + (-2)/(-6))*-3. Suppose -487 = -5*f + 2388. Let t be f/45 - n/(-9). What is the greatest common divisor of t and 13?
13
Let c(k) = -k**3 - k**2 - 2*k + 2. Let g be c(2). Let w be (21/g)/((-2)/8). What is the greatest common divisor of 24 and w?
6
Suppose 29*z - 19*z - 150 = 0. Calculate the highest common factor of 45 and z.
15
Let n be (-2)/(-7) + 290/14. What is the highest common divisor of 6 and n?
3
Suppose -3*g + 147 = -3*u + 4*u, -u = g - 145. What is the greatest common factor of 18 and u?
18
Let v be (0 - -80) + (5 - 5). Calculate the highest common divisor of v and 32.
16
Let n = -207 + 411. Calculate the highest common divisor of n and 12.
12
Suppose 5*u = 173 + 7. Suppose -5*c + 3*c = -72. Suppose -w + c = 2*w. What is the highest common divisor of w and u?
12
Let n be ((-8)/12)/((-1)/9). Let z be 2 - -26*3/n. Suppose 2*r - a - 330 = 0, -r - 6*a = -2*a - 165. What is the greatest common factor of z and r?
15
Let k = -62 - -134. What is the greatest common divisor of k and 9?
9
Suppose -3*s - 3*b = -21, 0*s + 2*b - 5 = s. Let q be s*-182*2/(-12). Calculate the highest common factor of q and 13.
13
Let b(z) = -17*z + 13. Let a be b(-1). Calculate the highest common factor of a and 20.
10
Suppose -12*p = -10*p - 2. Calculate the greatest common divisor of p and 2.
1
Let g(s) = 3*s**2 - 4*s. Let b be g(3). Let f(c) = -c**2 - 3*c + 165. Let m be f(0). What is the highest common factor of m and b?
15
Suppose -4*p + 7 = 4*y - 7*y, 3*y + 52 = -5*p. Let c be (-132)/y*(7 - 1). Let b be (-3)/(-12) - 86/(-8). Calculate the greatest common factor of b and c.
11
Suppose 3*a = 8*a + 3*k - 18, 5*k = 4*a - 44. What is the highest common divisor of 6 and a?
6
Let i be ((-2)/(-3))/((-2)/(-3)). Let z be (-212)/(-24) + i/6. Let d = 3 - -3. Calculate the highest common divisor of d and z.
3
Let i be (1 - (1 + -54)) + 0. What is the greatest common factor of 18 and i?
18
Let z be (1 - 2)/(1/(-4)). Suppose -t = -2*r + 43, 32 = 4*r + z*t - 36. Let s = r - 14. What is the greatest common divisor of s and 15?
3
Let t be (-7)/(-28) - 222/(-8). Let p be (1 + 17)/(t/14). Let c be (-191)/(-3) - 4/6. What is the highest common divisor of c and p?
9
Let w = -54 + 66. Calculate the greatest common divisor of 4 and w.
4
Suppose 12 = 6*q - 132. What is the highest common divisor of q and 16?
8
Suppose -2*t + 13 = 3*c - 3, 0 = 5*c - 4*t + 10. Let v be 1*7/(c - 3). Let f = 10 - v. What is the greatest common divisor of f and 17?
17
Let k = 23 + -6. Calculate the greatest common factor of k and 119.
17
Suppose 0*o - 264 = -2*o. Suppose 0 = -3*v - j + 356, -o = -v - 2*j - j. What is the highest common factor of 13 and v?
13
Let g(p) = p**3 + 10*p**2 + 5*p - 3. Let t be g(-8). Suppose 0 = -4*i + 113 - 29. Let n = i - 4. What is the highest common divisor of t and n?
17
Let b be 1038/10 + 3/15. What is the highest common factor of b and 13?
13
Let g = -6 + 9. Suppose 2*p = 3*p + g*s + 2, -s - 4 = 0. What is the highest common factor of p and 90?
10
Suppose 2*d + 2*d + 44 = 3*c, 0 = -c + 4*d + 20. Let o(j) = j**3 + 10*j**2 + 11*j + 8. Let r be o(-8). What is the greatest common factor of r and c?
12
Let d = 17 + -5. Let y be (-4 - -14) + 1 + -3. What is the highest common factor of y and d?
4
Let t be (7 - -1)*(-4)/(-16). Suppose 5*p - 117 = -t*s, -48 = -2*p - s - s. Calculate the greatest common divisor of 115 and p.
23
Suppose -x - 3 = -0. Let t = 13 - x. Calculate the greatest common divisor of 128 and t.
16
Suppose 0 = -4*n + 4 - 0. Let a be -2 - -122 - n/1. Suppose -a + 39 = -4*r. Calculate the greatest common factor of r and 30.
10
Let s(i) = i**3 - 12*i**2 + i. Let n be s(12). What is the highest common factor of n and 48?
12
Suppose 202 = 2*j + 2*j - 2*l, -5*l - 265 = -5*j. Let t be 1 - (-1)/((-2)/(-62)). What is the highest common divisor of j and t?
16
Let r(u) = u**3 - 8*u**2 - 4*u + 3. Let g be r(9). What is the greatest common divisor of g and 32?
16
Suppose -47*t = -51*t + 112. Suppose 0 = -4*s + 59 - 3. Calculate the greatest common divisor of t and s.
14
Suppose -3*g + n = -13, -2*g - 2*g - 3*n = 0. Suppose -g*t = 2*t - 140. What is the highest common factor of 7 and t?
7
Let f = -4 + 15. Let g = 2 + -24. Let m be (g/(-3))/(2/27). What is the greatest common factor of f and m?
11
Let a = 290 + -284. Let x(k) = 9*k + 6. Let c be x(6). Calculate the greatest common factor of a and c.
6
Suppose -d + 3*d - 5*u - 155 = 0, 5*d - u - 399 = 0. Calculate the highest common factor of d and 8.
8
Let v = -9 - -24. What is the greatest common factor of 120 and v?
15
Let m be (-30)/(-4) - 12/(-24). Let u(c) = 2*c**2 - 10. Let v be u(7). What is the highest common divisor of v and m?
8
Let d be ((-6)/24)/(2/(-16)). Let m be 28/d - (-9)/(-3). What is the greatest common divisor of m and 88?
11
Let b(j) = 11*j**2 - 8*j + 5. Let r be b(5). What is the greatest common factor of r and 24?
24
Let w be (-104)/(-6) + (-2)/(-3). Let x be 2*5 - (6 + -4). Suppose -4*r + 2*k + x + 4 = 0, -6 = 2*r + 5*k. What is the highest common factor of r and w?
2
Let o(f) be the second derivative of -1/4*f**4 + 1/5*f**5 + 0 + f**2 + 2*f + 0*f**3. Let g be o(2). Calculate the highest common factor of g and 11.
11
Suppose 1 = y - 8. Let f(o) = -o**3 + 8*o**2 + 9*o + 11. Let h be f(y). What is the greatest common factor of h and 1?
1
Let w(c) = -c**2 + 2*c + 2. Let k be w(4). Let m(l) = 2*l**2 + 9*l + 7. Let g be m(k). Calculate the greatest common factor of g and 5.
5
Let f(d) = 3*d**2 + 3*d + 4. Let u be f(-3). Suppose 0 = -12*q + 15*q - 132. What is the highest common divisor of u and q?
22
Let x be 6*1*154/21. What is the highest common divisor of 11 and x?
11
Suppose -f - 24 = 2*f. Let s = 11 + f. Suppose 0 = -3*q + 5*i - 21 + 5, 25 = 5*i. What is the highest common divisor of q and s?
3
Let h = 21 - 12. Let i be (h - (-2 - 0)) + 1. Let a be i - (0/(-2) - -2). Calculate the highest common divisor of a and 40.
10
Let t = -6 + 12. Suppose k - 15 = -2*j, -4*k = -t*j + j - 60. Let n be (-27)/(-5) + 2/(-5). What is the greatest common factor of k and n?
5
Let j = 26 - 13. Suppose -5*y + 117 = 3*t, -4*t - 5*y = -3*t - 39. Calculate the greatest common divisor of t and j.
13
Let q = -8 - -17. Let j be 9*-3*1/(-3). Calculate the greatest common factor of j and q.
9
Let u = 1013 + -673. Suppose -3*i = i - u. What is the greatest common divisor of 34 and i?
17
Let d(m) = m - 2. Let n be d(